is 112111202211 + -12?
112111202122
In base 10, what is 4 - 26922?
-26918
In base 9, what is 3 - -2301?
2304
In base 3, what is 22122110 + -1?
22122102
In base 9, what is -17 - 21748?
-21766
In base 9, what is -274 + -18540?
-18824
In base 4, what is -1331230 + 22?
-1331202
In base 4, what is 120112 + -2122?
111330
In base 12, what is 1632 - 547?
10a7
In base 10, what is 36 + -1628?
-1592
In base 13, what is -c1877 + -4?
-c187b
In base 7, what is -2 - 1136163?
-1136165
In base 4, what is -10 - 100302233?
-100302303
In base 8, what is 54026 - 0?
54026
In base 7, what is -3500650 - 11?
-3500661
In base 3, what is 1011 + -220222?
-212211
In base 16, what is 1bc855 - 3?
1bc852
In base 14, what is 87582 + 4?
87586
In base 12, what is 6 - -37a36?
37a40
In base 9, what is 152 - 473?
-321
In base 7, what is -112 + -262?
-404
In base 8, what is 5277754 - -5?
5277761
In base 12, what is -542 + 4?
-53a
In base 13, what is -1c2 + -5c?
-251
In base 11, what is 3 - -113209?
113211
In base 13, what is 1401 - 1a?
13b4
In base 15, what is -cc + d9?
c
In base 8, what is -237 - 2476?
-2735
In base 4, what is -221021121 + 13?
-221021102
In base 6, what is -11 + 1454032?
1454021
In base 16, what is 45a + -16?
444
In base 4, what is -320211 + 2?
-320203
In base 9, what is 14 + -365551?
-365536
In base 14, what is 153 - -99?
20c
In base 14, what is 3977 - -1?
3978
In base 8, what is 3642 - 2?
3640
In base 9, what is 160 - -1617?
1777
In base 9, what is -1508 - 55?
-1564
In base 9, what is -243166 - -3?
-243163
In base 10, what is -23 - 218?
-241
In base 10, what is -2 - 8066?
-8068
In base 12, what is 6a - ab4?
-a46
In base 4, what is 11 + 12333123?
12333200
In base 9, what is 74085 + -2?
74083
In base 14, what is 1 + -8b0b?
-8b0a
In base 7, what is -14201 + -14?
-14215
In base 9, what is -60411 - 10?
-60421
In base 12, what is 4 - -1b08?
1b10
In base 2, what is 11100101001110 + 11100?
11100101101010
In base 10, what is -553601 - 8?
-553609
In base 15, what is 1b9 + 86?
250
In base 14, what is 5db - -16b?
768
In base 12, what is 7 - -a99?
aa4
In base 7, what is 21424 - -1563?
23320
In base 12, what is -295 - -8?
-289
In base 2, what is 111000010100 - 1010101111?
101101100101
In base 9, what is -357171 - 3?
-357174
In base 16, what is 0 - 3447?
-3447
In base 5, what is 1 + -4104301?
-4104300
In base 6, what is 100112 - -5?
100121
In base 2, what is 101010001001100111011 - 10?
101010001001100111001
In base 13, what is -667 - -129?
-53b
In base 12, what is -48b - -77?
-414
In base 5, what is 1443101 - -4?
1443110
In base 4, what is 1101000113 - -10?
1101000123
In base 10, what is -5 - 91655?
-91660
In base 13, what is -5 - -50c?
507
In base 4, what is 11 - 10310202013?
-10310202002
In base 4, what is 100013122323 - -11?
100013123000
In base 7, what is -224 - -30?
-164
In base 8, what is 73 - 63?
10
In base 13, what is -82 - -1197?
1115
In base 16, what is -e5e - -67?
-df7
In base 8, what is -12334 + -32?
-12366
In base 8, what is 2 - 4624?
-4622
In base 8, what is -4 + 67226?
67222
In base 4, what is 13203 - -23?
13232
In base 6, what is 23521 + 1002?
24523
In base 16, what is -3 + 84e7?
84e4
In base 8, what is -67 + -11620?
-11707
In base 4, what is -10032 - -1120?
-2312
In base 2, what is -111110001110100 - 1000?
-111110001111100
In base 11, what is a + 2383?
2392
In base 12, what is 15 + -29336?
-29321
In base 14, what is 4145d - 3?
4145a
In base 12, what is -24584 + -5?
-24589
In base 4, what is 23003230 - -10?
23003300
In base 8, what is -46634 + -1?
-46635
In base 13, what is 11a + -8c?
5b
In base 3, what is 10 + -10001212202?
-10001212122
In base 3, what is 2000 + 101202102?
101211102
In base 5, what is -1101 + -202000?
-203101
In base 6, what is 310 - -10230?
10540
In base 11, what is 3 - 5834?
-5831
In base 6, what is -211433 + 10?
-211423
In base 3, what is 122 + 20000002?
20000201
In base 4, what is 1201 + -1003?
132
In base 8, what is 31 + -7337?
-7306
In base 12, what is -823a + -17?
-8255
In base 4, what is 20 + 2001011?
2001031
In base 2, what is -11101100100000110011 - 0?
-11101100100000110011
In base 5, what is -4 + -2013320?
-2013324
In base 14, what is 416d09 + 1?
416d0a
In base 14, what is -147365 + -1?
-147366
In base 13, what is -43 + -164c?
-1692
In base 10, what is -37 + 1028?
991
In base 13, what is 2 + -286b?
-2869
In base 14, what is b2 - -1?
b3
In base 6, what is 4104 + 111?
4215
In base 2, what is -1001 + -10100101100111000?
-10100101101000001
In base 12, what is 42508 + -5?
42503
In base 9, what is 1 - 15468?
-15467
In base 7, what is -326454 + 120?
-326334
In base 14, what is 100a - 8?
1002
In base 3, what is -11 - -1012200121?
1012200110
In base 13, what is -3 + -41a?
-420
In base 2, what is -1001 - 111001110101?
-111001111110
In base 6, what is -4 - -3530543?
3530535
In base 3, what is -220111 - -20?
-220021
In base 6, what is 3201 - -10510?
14111
In base 11, what is 4355 + 2?
4357
In base 10, what is 1746 + -30?
1716
In base 12, what is 24b - -46?
295
In base 2, what is -101010 + 1111001101?
1110100011
In base 12, what is 1 + -61ab3?
-61ab2
In base 16, what is -15 - c9?
-de
In base 12, what is -3 + 46a0?
4699
In base 16, what is -e - -19?
b
In base 12, what is 21 + -818?
-7b7
In base 9, what is 10 - 33483?
-33473
In base 10, what is 2140 - 140?
2000
In base 6, what is 124513344 - 3?
124513341
In base 9, what is 85 - -2205?
2301
In base 2, what is 10100 - -101000?
111100
In base 13, what is -4722 - 3?
-4725
In base 16, what is -d8 - a2?
-17a
In base 15, what is 219e + 8?
21a7
In base 4, what is 131000 - 223?
130111
In base 14, what is -185d - -397?
-14a6
In base 12, what is 41 - 1203?
-1182
In base 9, what is -5364 + 6?
-5357
In base 6, what is 5 + 522224?
522233
In base 6, what is -1 + -514445?
-514450
In base 7, what is 614123 - 20?
614103
In base 5, what is 323220 - -400?
324120
In base 7, what is 1114404 + 54?
1114461
In base 11, what is -2 + 6a408?
6a406
In base 13, what is 22 - -c1?
113
In base 2, what is -1001 + -1000011110?
-1000100111
In base 3, what is -11 - -21120201?
21120120
In base 11, what is -3 + -3620?
-3623
In base 14, what is -3 - -d35d?
d35a
In base 2, what is -111 + 1000010?
111011
In base 3, what is 200120 - 2000?
121120
In base 13, what is 6289a - 4?
62896
In base 10, what is 0 + 72712?
72712
In base 14, what is a + 1619?
1625
In base 5, what is 3 - -102301432?
102301440
In base 14, what is 11c4 + -6?
11bc
In base 12, what is -7a + 584?
506
In base 11, what is -281 + -2a4?
-575
In base 4, what is -1211 - 3?
-1220
In base 11, what is -21 + 693?
672
In base 10, what is 3 - -3485?
3488
In base 4, what is -10 - 1321020022?
-1321020032
In base 8, what is -5 + 21450?
21443
In base 10, what is -120 - 1815?
-1935
In base 2, what is -10001001000010111 - -100000?
-10001000111110111
In base 12, what is -1 + 15383?
15382
In base 14, what is -372a + -45?
-3771
In base 5, what is 12003101 + -2?
12003044
In base 10, what is 336267 + 4?
336271
In base 13, what is -22b6 - -78?
-223b
In base 9, what is 3 + -3226?
-3223
In base 13, what is -3 + 77c3?
77c0
In base 15, what is -145d - -7?
-1456
In base 9, what is 404 - 101?
303
In base 11, what is -3 + -901a8?
-90200
In base 9, what is -31 + -7553?
-7584
In base 3, what is 1010000 + 10?
1010010
In base 16, what is 5 + bb965?
bb96a
In base 9, what is -2840531 - 2?
-2840533
In base 2, what is 1000111101110 - -1?
1000111101111
In base 2, what is 111000111001000 - -11?
111000111001011
In base 12, what is -1a723 + -6?
-1a729
In base 10, what is -4 - -26158?
26154
In base 11, what is -2587a55 - -1?
-2587a54
In base 9, what is -4 + -110035?
-110040
In base 6, what is 310 + -43002?
-42252
In base 5, what is -404400 + -3212?
-413112
In base 14, what is -3 - -1ba630?
1ba62b
In base 13, what is b4 - 56ca?
-5616
In base 8, what is 3240535 + -3?
3240532
In base 6, what is 232 - -34015?
34251
In base 14, what is 1c9 - -41c?
607
In base 11, what is 932 - 16aa?
-878
In base 12, what is 9658b + 3?
96592
In base 15, what is -2 + -ee24?
-ee26
In base 5, what is 0 + 212202?
212202
In base 8, what is 1754 - 3355?
-1401
In base 8, what is -110251 + -15?
-110266
In base 9, what is 3338 - -1?
3340
In base 15, what is 1a7 + -472?
-2ba
In base 10, what is -225 + -3536?
-3761
In base 11, what is -16843 + -